{"id":97,"date":"2018-01-17T09:46:23","date_gmt":"2018-01-17T09:46:23","guid":{"rendered":"https:\/\/mixofmusic.nl\/?page_id=97"},"modified":"2025-05-28T10:40:26","modified_gmt":"2025-05-28T10:40:26","slug":"optredens-vanaf-1998","status":"publish","type":"page","link":"https:\/\/mixofmusic.nl\/?page_id=97","title":{"rendered":"Optredens vanaf 1998"},"content":{"rendered":"\t\t<div data-elementor-type=\"wp-page\" data-elementor-id=\"97\" class=\"elementor elementor-97\">\n\t\t\t\t\t\t<section class=\"elementor-section elementor-top-section elementor-element elementor-element-524cfd0 elementor-section-boxed elementor-section-height-default elementor-section-height-default\" data-id=\"524cfd0\" data-element_type=\"section\" data-e-type=\"section\">\n\t\t\t\t\t\t<div class=\"elementor-container elementor-column-gap-default\">\n\t\t\t\t\t<div class=\"elementor-column elementor-col-100 elementor-top-column elementor-element elementor-element-f0eea35\" data-id=\"f0eea35\" data-element_type=\"column\" data-e-type=\"column\">\n\t\t\t<div class=\"elementor-widget-wrap elementor-element-populated\">\n\t\t\t\t\t\t<div class=\"elementor-element elementor-element-144228e elementor-widget elementor-widget-text-editor\" data-id=\"144228e\" data-element_type=\"widget\" data-e-type=\"widget\" data-widget_type=\"text-editor.default\">\n\t\t\t\t<div class=\"elementor-widget-container\">\n\t\t\t\t\t\t\t\t\t<p><span style=\"font-family: arial, helvetica, sans-serif; font-size: 12pt;\" data-mce-mark=\"1\"><strong>Overzicht van alle<\/strong>\u00a0<\/span><strong style=\"font-family: arial, helvetica, sans-serif; font-size: 12pt;\">optredens van heden terug tot het begin in 1998.<\/strong><\/p><p><strong>2025<br \/><\/strong>18 mei Dobbelt klingt besser samen met unCHORrect in Essen.<br \/>23 maart deelname korenfestival Berghem.<\/p><p><strong>2024<br \/><\/strong>13 en 14 december Mix of Music geeft Kerstmis kleur.<br \/>6 oktober Korenfestival in Ravenstein met Crescens, la Orf\u00e9on en de Sluiszangers.<br \/>2 juni deelname Korenfestival Bemmel zingt.<br \/>6 april Mix en Music en friends Lente benefiet concert Luciakerk<\/p><p><strong>2022<br \/><\/strong>13, 14 en 15 (2x) oktober jubileum-uitvoering &#8220;Donderdag&#8221; in Vidi Reo . Olv Lex Wiersma en script en regie Gerda Klievink. Met medewerking van Marc van Demen, Renzo van Beuningen, een combo en 2 gastkoren: Karakter en Noiz.<br \/>12 juni Optreden bij Wilskracht Stadsbierbrouwerij \/ de Molen in Ravenstein. <br \/>22 mei Da&#8217;s Passie in de st. Josefkerk in Oss.<\/p><p><b>2020<br \/><\/b>06 september Mix of Music laat van zich horen achter Vidi Reo.<\/p><p><b>2019<br \/><\/b>13 en 14 december, Project Mix bij Kaarslicht. Olv Lex Wiersma en script en regie Gerda Klievink.<br \/>23 juni Grachtenconcert ism Big Band Ravenstein bij Leerlooiershuisje in Ravenstein.<br \/>02 juni Deelname V\u00f6lkoren in Middelburg.<br \/>17 maart Koren in Wijchen in &#8217;t theater Moza\u00efek olv. Lex Wiersma en begeleid door Piet Bron.\u00a0<\/p><p><b>2018<br \/><\/b><span style=\"letter-spacing: 0.2px;\">23 december Kerstspecial samen met Zingzin en Haverstro in Vidi Reo Ravenstein.<br \/>16 september, Deelname Fantastival in Oss.<br \/><\/span><span style=\"letter-spacing: 0.2px;\">17 juni Grachtenconcert ism Big Band Ravenstein bij het Leerlooiershuisje in Ravenstein.<br \/><\/span><span style=\"letter-spacing: 0.2px;\">12 mei Concert &#8220;Fr\u00fchlingsgr\u00fcsze&#8221; samen met\u00a0 &#8220;Alzgersdorfer M\u00e4ngesangverein 1880&#8221; in Wenen.<br \/><\/span><span style=\"letter-spacing: 0.2px;\">04 maart Korenfestival in de Berghplaets in Berghem.<\/span><\/p><p><span style=\"font-family: arial,helvetica,sans-serif; font-size: 12pt; color: #000000;\" data-mce-mark=\"1\"><span style=\"color: #c0c0c0;\"><span style=\"color: #000000;\"><strong>2017<\/strong><br \/>28 en 29 oktober, 04 en 05 november: Uitvoeringen FABULOUS MOMENTS in Vidi Reo Ravenstein. Script en regie Gerda Klievink, Mmv Combo FabFour, Lotte Dans, kinderkoor de Flierefluiters, jeugdtoneelgroep SPONS en de solisten Marc van Demen, Bart van Griensven en Mirte Hoogstede\u00a0<span style=\"font-family: arial, helvetica, sans-serif; font-size: 12pt;\" data-mce-mark=\"1\">(bijna 1000 bezoekers)<\/span><br \/>28 mei: Optreden in Vidi Reo in Ravenstein. Voorproefje voor Fabulous MOMents<br \/>12 maart: Deelname Korenfestival in de Berghplaets in Berghem.<\/span><\/span><\/span><\/p><p><span style=\"font-family: arial,helvetica,sans-serif; font-size: 12pt; color: #000000;\" data-mce-mark=\"1\"><span style=\"color: #c0c0c0;\"><span style=\"color: #000000;\"><strong>2016<\/strong><br \/>10 december: Kerstklanken op de planken in Vidi Reo in Ravenstein<br \/>16 oktober: Deelname Korenfestival in Beuningen.<br \/>16 september: Optreden tijdens huwelijk Mom-lid Angelique van Hal in de kerk Mill<br \/><\/span><\/span><\/span><span style=\"font-family: arial,helvetica,sans-serif; font-size: 12pt; color: #000000;\" data-mce-mark=\"1\"><span style=\"color: #c0c0c0;\"><span style=\"color: #000000;\">06 februari: Optreden tijdens Carnavalsmis in Heilige Hart Kerk in Oss.<\/span><\/span><\/span><\/p><p><span style=\"font-family: arial,helvetica,sans-serif; font-size: 12pt; color: #000000;\" data-mce-mark=\"1\"><span style=\"color: #c0c0c0;\"><span style=\"color: #000000;\"><span style=\"font-family: arial, helvetica, sans-serif; font-size: 12pt;\" data-mce-mark=\"1\"><strong>2015<br \/><\/strong><\/span><\/span><\/span><\/span><span style=\"font-family: arial,helvetica,sans-serif; font-size: 12pt; color: #000000;\" data-mce-mark=\"1\"><span style=\"color: #c0c0c0;\"><span style=\"color: #000000;\">12 december: Optreden tijdens Ravenstein bij Kaarslicht, tevens mee mogen werken met de openingscene<br \/>20 september: Deelname aan Fantastival in Oss<br \/><\/span><\/span><\/span><span style=\"font-family: arial,helvetica,sans-serif; font-size: 12pt; color: #000000;\" data-mce-mark=\"1\"><span style=\"color: #c0c0c0;\"><span style=\"color: #000000;\">31 mei: Deelname Korenfestival Wijchen<br \/>08 maart: Deelname Korenfestival in de Berghplaets in Berghem<br \/>14 februari: Optreden tijdens de Carnavalsmis in de Heilige Hart kerk in Oss\u00a0 olv Lex Wiersma.<\/span><\/span><\/span><\/p><p><span style=\"font-family: arial, helvetica, sans-serif; font-size: 12pt;\" data-mce-mark=\"1\"><strong>2014<br \/><\/strong><\/span><span style=\"font-family: arial,helvetica,sans-serif; font-size: 12pt; color: #000000;\" data-mce-mark=\"1\"><span style=\"color: #c0c0c0;\"><span style=\"color: #000000;\">13 december: optreden Kerstklanken op de planken Vidi Reo<br \/><\/span><\/span><\/span><span style=\"font-family: arial,helvetica,sans-serif; font-size: 12pt; color: #000000;\" data-mce-mark=\"1\"><span style=\"color: #c0c0c0;\"><span style=\"color: #000000;\">21 september: deelname aan FANTASTIVAL in het centrum van Oss onder leiding van de interim-dirigent Ruben Smits<br \/><\/span><\/span><\/span><span style=\"font-family: arial,helvetica,sans-serif; font-size: 12pt; color: #000000;\" data-mce-mark=\"1\"><span style=\"color: #c0c0c0;\"><span style=\"color: #000000;\">25 mei: optreden op de gracht in Ravenstein tgv het 25 jarig bestaan van jeugdsoos Madhouse<\/span><\/span><\/span><\/p><p><span style=\"font-family: arial, helvetica, sans-serif; font-size: 12pt;\" data-mce-mark=\"1\"><strong>2013<br \/><\/strong><\/span><span style=\"font-family: arial, helvetica, sans-serif; font-size: 12pt;\" data-mce-mark=\"1\">22 december: &#8220;Lievekamp Kerstspecial&#8221; in Oss.<br \/><\/span><span style=\"font-family: arial, helvetica, sans-serif; font-size: 12pt;\" data-mce-mark=\"1\">19 december: optreden in Boxmeer voor leiding,medewerkers en bewoners van stichting St Anna.<br \/><\/span><span style=\"font-family: arial, helvetica, sans-serif; font-size: 12pt;\" data-mce-mark=\"1\">22 september: Openluchtconcert met gebruikmaking van het openluchttoneel en tribunes van &#8220;Elsa van Brabant&#8221;, aan de boorden van de Ravensteinse gracht.<br \/><\/span><span style=\"font-family: arial, helvetica, sans-serif; font-size: 12pt;\" data-mce-mark=\"1\">7 en 9 juni: medewerking van de bassen en tenoren bij de opvoeringen van &#8220;Billy Elliot&#8221; door het TeXtpierement.<br \/><\/span><span style=\"font-family: arial, helvetica, sans-serif; font-size: 12pt;\" data-mce-mark=\"1\">2 februari: Op uitnodiging van de Bond van Orkestdirigenten en instructeurs heeft Mix of Music samen met de Ravensteinse harmonie OBK meegewerkt aan een workshop orkest- en koordirectie voor dirigenten door Alex Schillings. Deze workshop werd gegeven in &#8216;den durpsherd&#8217; in Berlicum.<\/span><\/p><p><strong><span style=\"font-family: arial, helvetica, sans-serif; font-size: 12pt;\" data-mce-mark=\"1\">2012<br \/><\/span><\/strong><span style=\"font-family: arial, helvetica, sans-serif; font-size: 12pt;\" data-mce-mark=\"1\">6 oktober: Lustrumconcert in de lambertuskerk in Huisseling.<br \/><\/span><span style=\"font-family: arial, helvetica, sans-serif; font-size: 12pt;\" data-mce-mark=\"1\">20 april: Optreden in de Jozefkerk te Oss ten bate van het Verdihuis.<\/span><\/p><p><strong><span style=\"font-family: arial, helvetica, sans-serif; font-size: 12pt;\" data-mce-mark=\"1\">2011<br \/><\/span><\/strong><span style=\"font-family: arial, helvetica, sans-serif; font-size: 12pt;\" data-mce-mark=\"1\">18-19 december: Kerstconcert &#8220;Best Christmas Songs ever&#8221; in theater De Lievekamp Olv Max Smeets met zijn orkest Maxemillecorde. Met solisten Ernst Daniel Smid, Dennis LeGree, Elke Buylke en met Mix of Music als backing-koor.<br \/>18 september: Optreden in de Groene Engel te Oss tijdens Fantastival.<br \/>26 juni: Optreden in de KIOSSK in het Jan Cunenpark in Oss in samenwerking met de Big Band Ravenstein.<br \/>8-9-10 april: Muziektheateruitvoering SPECTRA in theater De Lievekanp te Oss, met 76 Koorleden op het podium, m.m.v het Spectra-orkest.<br \/>15 februari: Optreden in het Provinciehuis te &#8217;s Hertogenbosch tijdens de provinciale jubilarissenbijeenkomst<\/span><\/p><p><strong><span style=\"font-family: arial, helvetica, sans-serif; font-size: 12pt;\" data-mce-mark=\"1\">2010<br \/><\/span><\/strong><span style=\"font-family: arial, helvetica, sans-serif; font-size: 12pt;\" data-mce-mark=\"1\">20 mei: BEKOORLIJK RAVENSTEIN met medewerking van Mannenkoor De Karawanken uit Uden, Popkoor Voyss uit Erp, Leerlingen van Theaterschool T&#8217;extpierement uit Oss en Mix of Music uit Ravenstein. Een korenavond in het kader van het 650-jarig bestaan van Ravenstein. Ook de organisatie van deze korenavond was in handen van Mix of Music.<br \/>18 maart: Optreden in De Lievekamp bij Golden Musical Moments o.l.v Max Smeets en m.m.v Maaike Widdershoven.<br \/>31 januari: Optreden met Sister Act tijdens het Carnavals-Reuma-Bal in Zaal Vivaldi te Oss.<\/span><\/p><p><span style=\"letter-spacing: 0.2px;\"><span style=\"font-family: arial, helvetica, sans-serif; font-size: 12pt;\" data-mce-mark=\"1\"><b>2009<br \/><\/b><\/span><\/span><span style=\"font-family: arial, helvetica, sans-serif; font-size: 12pt; letter-spacing: 0.2px;\">3 oktober: Deelname aan de Korenavond in Liessel<br \/><\/span><span style=\"font-family: arial, helvetica, sans-serif; font-size: 12pt; letter-spacing: 0.2px;\">27 september: Optreden tijdens het avondprogramma van Buurtdag Ravenstein.<br \/><\/span><span style=\"font-family: arial, helvetica, sans-serif; font-size: 12pt; letter-spacing: 0.2px;\">27 september: Deelname aan Korenfestival in de Schouwburg Cuijk.<br \/><\/span><span style=\"font-family: arial, helvetica, sans-serif; font-size: 12pt; letter-spacing: 0.2px;\">28 juni: Optreden op een regenachtige zondagmiddag in de Osse KIOSSK in een gezamenlijk programma met Muchoss en iS(w)ing.<br \/><\/span><span style=\"font-family: arial, helvetica, sans-serif; font-size: 12pt; letter-spacing: 0.2px;\">26 maart: Theaterconcert Golden Musical Moments in Theater De Lievekamp Oss. Onder muzikale leiding van Max Smeets en m.m.v. bekende solisten uit Belgi\u00eb en de Nederlandse solist Bill van Dijk werden door Mix of Music nummers gezongen uit de bekende musicals Hair, Grease, Jesus Christ Superstar en Anthem.<br \/><\/span><span style=\"font-family: arial, helvetica, sans-serif; font-size: 12pt; letter-spacing: 0.2px;\">17 januari: Openingsnummer gezongen tijdens Businessgala in Theater De Lievekamp Oss.<\/span><\/p><p><span style=\"letter-spacing: 0.2px;\"><span style=\"font-family: arial, helvetica, sans-serif; font-size: 12pt;\" data-mce-mark=\"1\"><b>2008<br \/><\/b><\/span><\/span><span style=\"font-family: arial, helvetica, sans-serif; font-size: 12pt; letter-spacing: 0.2px;\">21 september: Optreden in de Groene Engel Oss tijdens Fantasival.<br \/><\/span><span style=\"font-family: arial, helvetica, sans-serif; font-size: 12pt; letter-spacing: 0.2px;\">21 september: Optreden in De Vlaam t.g.v. het 150 jarig bestaan van de St. Willibrorduskerk in Demen.<br \/><\/span><span style=\"font-family: arial, helvetica, sans-serif; font-size: 12pt; letter-spacing: 0.2px;\">19 maart: Optreden tijdens de Paasmarkt van Basisschool De Bogaard in De Ravengaarde,voor het goede doel:&#8221;Stichting Doe een Wens&#8221;<\/span><\/p><p><strong style=\"font-family: arial, helvetica, sans-serif; font-size: 12pt; letter-spacing: 0.2px;\">2007<\/strong><span style=\"font-family: arial, helvetica, sans-serif; font-size: 12pt; letter-spacing: 0.2px;\"><br \/><\/span><span style=\"font-family: arial, helvetica, sans-serif; font-size: 12pt; letter-spacing: 0.2px;\">23 december: Optreden tijdens Winterland Oss op het podium bij de ijsbaan.<br \/><\/span><span style=\"font-family: arial, helvetica, sans-serif; font-size: 12pt; letter-spacing: 0.2px;\">3 november: Groot Lustrumconcert in Theater De Pas in Heesch.<br \/><\/span><span style=\"font-family: arial, helvetica, sans-serif; font-size: 12pt; letter-spacing: 0.2px;\">29 september: Deelname aan Korenfestival in Beuningen.<br \/><\/span><span style=\"font-family: arial, helvetica, sans-serif; font-size: 12pt; letter-spacing: 0.2px;\">29 september: Optreden t.g.v. de afscheidsreceptie van huisarts Henk van Herwaarden.<br \/><\/span><span style=\"font-family: arial, helvetica, sans-serif; font-size: 12pt; letter-spacing: 0.2px;\">30 juni: Optreden in Vivaldi voor Oud-Strijders van de gemeente Oss.<br \/><\/span><span style=\"font-family: arial, helvetica, sans-serif; font-size: 12pt; letter-spacing: 0.2px;\">16 juni: Optreden in de NH kerk tijdens &#8220;Passagieren in Ravenstein&#8221;.<br \/><\/span><span style=\"letter-spacing: 0.2px; font-family: arial, helvetica, sans-serif; font-size: 12pt;\" data-mce-mark=\"1\">16 mei: Concert i.s.m. Budapesti\u00a0<\/span><span style=\"letter-spacing: 0.2px; font-family: arial, helvetica, sans-serif; font-size: 16px;\">Ifj\u00fas\u00e1gi K\u00f3rus in Boedapest voor 250 enthousiaste Hongaren!<br \/><\/span><span style=\"font-family: arial, helvetica, sans-serif; font-size: 12pt; letter-spacing: 0.2px;\">22 februari: Optreden in de Valkenburcht voor bewoners en mantelzorgers<\/span><\/p><p><span style=\"letter-spacing: 0.2px;\"><span style=\"font-family: arial, helvetica, sans-serif; font-size: 12pt;\" data-mce-mark=\"1\"><b>2006<br \/><\/b><\/span><\/span><span style=\"font-family: arial, helvetica, sans-serif; font-size: 12pt; letter-spacing: 0.2px;\">21-22 oktober: Donder en Bliksem, onder deze titel werk door Mix of Music en de Ravensteinse Stadsharmonier OBK een gezamenlijk concert verzorgt in Vidi Reo te Ravenstein voor in totaal zo&#8217;n 400 belangstellenden.<br \/><\/span><span style=\"font-family: arial, helvetica, sans-serif; font-size: 12pt; letter-spacing: 0.2px;\">10 september: Een concert voor vrijwilligers en cli\u00ebnten van De Zonnebloem, afd. Ravenstein, ter gelegenheid van het 25-jarig jubileum. Het concert werd gegeven in &#8217;t Slotje Herpen.<br \/><\/span><span style=\"font-family: arial, helvetica, sans-serif; font-size: 12pt; letter-spacing: 0.2px;\">5 april: Optreden in De Ravengaerde te Ravenstein tijdens Paasmarkt van Bss. De Bogaard, ten bate van &#8220;De Opkikker&#8221;.<br \/><\/span><span style=\"font-family: arial, helvetica, sans-serif; font-size: 12pt; letter-spacing: 0.2px;\">26 januari: Optreden voor bewoners van Huize Maasland, Herpen<\/span><\/p><p><span style=\"letter-spacing: 0.2px;\"><span style=\"font-family: arial, helvetica, sans-serif; font-size: 12pt;\" data-mce-mark=\"1\"><b>2005<br \/><\/b><\/span><\/span><span style=\"letter-spacing: 0.2px; font-family: arial, helvetica, sans-serif; font-size: 12pt;\" data-mce-mark=\"1\">16-17 oktober: Concert door\u00a0<\/span><span style=\"letter-spacing: 0.2px; font-family: arial, helvetica, sans-serif; font-size: 16px;\">Budapesti Ifj\u00fas\u00e1gi K\u00f3rus en Mix of Music op 16 oktober in Vidi Reo, Ravenstein en op 17 oktober in Het Wapen van Reek in Reek.<br \/><\/span><span style=\"font-family: arial, helvetica, sans-serif; font-size: 12pt; letter-spacing: 0.2px;\">18 september: Optreden tijdens Fantastival in Oss in de Groene Engel en op een buitenpodium.<br \/><\/span><span style=\"font-family: arial, helvetica, sans-serif; font-size: 12pt; letter-spacing: 0.2px;\">26 mei: Concert voor de bewoners en familieleden in De Valkenburcht, Ravenstein.<br \/><\/span><span style=\"font-family: arial, helvetica, sans-serif; font-size: 12pt; letter-spacing: 0.2px;\">3 april: Voorjaarsconcert met een gastoptreden van Marcato in de Lambertuskerk, Huiseling<\/span><\/p><p><span style=\"letter-spacing: 0.2px;\"><span style=\"font-family: arial, helvetica, sans-serif; font-size: 12pt;\" data-mce-mark=\"1\"><b>2004<br \/><\/b><\/span><\/span><span style=\"font-family: arial, helvetica, sans-serif; font-size: 12pt; letter-spacing: 0.2px;\">9 december: Concertje met nummers uit Memories in Vidi Reo Ravenstein.<br \/><\/span><span style=\"font-family: arial, helvetica, sans-serif; font-size: 12pt; letter-spacing: 0.2px;\">29-30 oktober: Musical Memories m.m.v. twee toneelspelers en een dansgroep in Stadsschouwburg Nijmegen ( 1800 bezoekers).<br \/>18 april: Voorjaarsconcert voor sponsors en donateurs vab de Musical Memories in de Lambertuskerk Huisseling.<br \/>31 maart: Optreden tijdens Paasmarkt van Basisschool De Bogaard, ten bate van Warchild, in De Ravengaerde, Ravenstein.<\/span><\/p><p><span style=\"letter-spacing: 0.2px;\"><span style=\"font-family: arial, helvetica, sans-serif; font-size: 12pt;\" data-mce-mark=\"1\"><b>2003<br \/><\/b><\/span><\/span><span style=\"font-family: arial, helvetica, sans-serif; font-size: 12pt; letter-spacing: 0.2px;\">11 december: Optreden tijdens het Vrijwilligersgala voor vrijwilligers van de gemeente Oss, m.m.v. soliste Marij van den Boom en vele anders artiesten in De Lievekamp, Oss.<br \/><\/span><span style=\"font-family: arial, helvetica, sans-serif; font-size: 12pt; letter-spacing: 0.2px;\">12 oktober: Korenfestival m.m.v. 5 koren in Gemeenschapshuis &#8220;De Oude Heerlijkheid&#8221;, Oploo.<br \/><\/span><span style=\"font-family: arial, helvetica, sans-serif; font-size: 12pt; letter-spacing: 0.2px;\">10 oktober: Optreden bij de heropening van de Schouwburg Nijmegen, Unicefgala, m.m.v. Paul van Vliet &amp; diverse artiesten in de Stadsschouwburg, Nijmegen.<br \/><\/span><span style=\"font-family: arial, helvetica, sans-serif; font-size: 12pt; letter-spacing: 0.2px;\">21 april: Concert tijdens keramiekmarkt Kunst uit Klei in de N.H.kerk, Ravenstein<\/span><\/p><p><span style=\"letter-spacing: 0.2px;\"><span style=\"font-family: arial, helvetica, sans-serif; font-size: 12pt;\" data-mce-mark=\"1\"><b>2002<br \/><\/b><\/span><\/span><span style=\"font-family: arial, helvetica, sans-serif; font-size: 12pt; letter-spacing: 0.2px;\">23 december: Optreden t.g.v. het 25-jarig huwelijksfeest van Mix of Music-lid Jolanda van den Heuvel in N.H. Kerk, Ravenstein.<br \/><\/span><span style=\"font-family: arial, helvetica, sans-serif; font-size: 12pt; letter-spacing: 0.2px;\">14 december: Optreden bij &#8220;Ravenstein bij Kaarslicht&#8221;, m.m.v.soliste Gerda Klievink in Vidi Reo, Ravenstein.<br \/><\/span><span style=\"font-family: arial, helvetica, sans-serif; font-size: 12pt; letter-spacing: 0.2px;\">13 december: Decemberconcert, m.m.v. dubbelkwartet uit Almelo in de St. Sebastianuskerk, Herpen.<br \/><\/span><span style=\"font-family: arial, helvetica, sans-serif; font-size: 12pt; letter-spacing: 0.2px;\">14-15-16 juni: Theaterconcert &#8220;Grenzeloos&#8221;m.m.v. de TBL Musicalgroep en solist Ben Stevens in Theater De Lievekamp, Oss (1600 bezoekers).<br \/><\/span><span style=\"font-family: arial, helvetica, sans-serif; font-size: 12pt; letter-spacing: 0.2px;\">26 april: Concert &#8220;Lente 2002&#8221; i.s.m.Operettevereniging Amicitia Zevenaar in Theater Bommersheuf, Zevenaar<\/span><\/p><p><span style=\"letter-spacing: 0.2px;\"><span style=\"font-family: arial, helvetica, sans-serif; font-size: 12pt;\" data-mce-mark=\"1\"><b>2001<br \/><\/b><\/span><\/span><span style=\"font-family: arial, helvetica, sans-serif; font-size: 12pt; letter-spacing: 0.2px;\">25 oktober: Concert voor de bewoners in Zorgcentrum Maasland, Herpen.<br \/><\/span><span style=\"font-family: arial, helvetica, sans-serif; font-size: 12pt; letter-spacing: 0.2px;\">20 oktober: Najaarsconcert i.s.m. het Almelo&#8217;s Christelijk Mannenkoor in de Grote Kerk, Almelo.<br \/><\/span><span style=\"font-family: arial, helvetica, sans-serif; font-size: 12pt; letter-spacing: 0.2px;\">29 april: Concert tijdens keramiekmarkt Kunst uit Klei in de N.H. kerk, Ravenstein.<br \/><\/span><span style=\"font-family: arial, helvetica, sans-serif; font-size: 12pt; letter-spacing: 0.2px;\">30 maart: Optreden bij het huwelijk van Mix of Music-lid Doret van Duren in de N.H. kerk, Ravenstein<\/span><\/p><p><span style=\"letter-spacing: 0.2px;\"><span style=\"font-family: arial, helvetica, sans-serif; font-size: 12pt;\" data-mce-mark=\"1\"><b>2000<br \/><\/b><\/span><\/span><span style=\"font-family: arial, helvetica, sans-serif; font-size: 12pt; letter-spacing: 0.2px;\">25-26 november: Najaarsconcert in de N.H. kerk, Ravenstein. (3 uitvoeringen met een bezoekersaantal van 525).<br \/><\/span><span style=\"font-family: arial, helvetica, sans-serif; font-size: 12pt; letter-spacing: 0.2px;\">3 juni: Optreden m.m.v. 3 koren &amp; 2 solisten in de St. Antoniuskerk, Nijmegen.<br \/><\/span><span style=\"font-family: arial, helvetica, sans-serif; font-size: 12pt; letter-spacing: 0.2px;\">9 januari: Millenniumconcert m.m.v. Stadsharmonie O.B.K., popband Amici, balletschool Dimphy &amp; solisten uit Ravenstein e.o. in Sporthal Den Hoge Graaf, Ravenstein (900 bezoekers)<\/span><\/p><p><span style=\"letter-spacing: 0.2px;\"><span style=\"font-family: arial, helvetica, sans-serif; font-size: 12pt;\" data-mce-mark=\"1\"><b>1999<br \/><\/b><\/span><\/span><span style=\"letter-spacing: 0.2px; font-family: arial, helvetica, sans-serif; font-size: 12pt;\">3 juli: Optreden bij huwelijk Mix of Music -lid Hanneke Kling, m.m.v. Maaike Widdershoven in het Gemeentehuis, Arnhem<br \/><\/span><span style=\"font-family: arial, helvetica, sans-serif; font-size: 12pt; letter-spacing: 0.2px;\">3 juni: Concert voor ouderen uit Herpen en Ravenstein in Zorgcentrum Maasland, Herpen.<\/span><span style=\"font-family: arial, helvetica, sans-serif; font-size: 12pt; letter-spacing: 0.2px;\"><br \/><\/span><span style=\"font-family: arial, helvetica, sans-serif; font-size: 12pt; letter-spacing: 0.2px;\">25 april: Concert tijdens keramiekmarkt Kunst uit Klei in de St. Luciakerk, Ravenstein<\/span><\/p><p><span style=\"letter-spacing: 0.2px;\"><span style=\"font-family: arial, helvetica, sans-serif; font-size: 12pt;\" data-mce-mark=\"1\"><b>1998<br \/><\/b><\/span><\/span><span style=\"letter-spacing: 0.2px; font-family: arial, helvetica, sans-serif; font-size: 12pt;\">12 december: &#8220;Ravenstein bij Kaarslicht&#8221;; op verschillende locaties in de binnenstad van Ravenstein.<br \/><\/span><span style=\"letter-spacing: 0.2px; font-family: arial, helvetica, sans-serif; font-size: 12pt;\">7-8 november: Ons eerste concert voor groot publiek in Vidi Reo, Ravenstein<br \/><\/span><span style=\"letter-spacing: 0.2px; font-family: arial, helvetica, sans-serif; font-size: 12pt;\">29 oktober: Optreden t.b.v. de bewoners van Verpleeghuis Vita Nova, Oss<br \/><\/span><span style=\"letter-spacing: 0.2px; font-family: arial, helvetica, sans-serif; font-size: 12pt;\">28 mei: Optreden bij presentatie CD-single Amici m.m.v Maaike Widdershoven Op het Marktplein in Ravenstein<br \/><\/span><span style=\"letter-spacing: 0.2px; font-family: arial, helvetica, sans-serif; font-size: 12pt;\" data-mce-mark=\"1\">28 maart: Op<\/span><span style=\"letter-spacing: 0.2px; font-family: arial, helvetica, sans-serif; font-size: 12pt;\">treden bij een Congres voor champignonkwekers in zaal Jonkerbosch, Nijmegen O<\/span><\/p>\t\t\t\t\t\t\t\t<\/div>\n\t\t\t\t<\/div>\n\t\t\t\t\t<\/div>\n\t\t<\/div>\n\t\t\t\t\t<\/div>\n\t\t<\/section>\n\t\t\t\t<\/div>\n\t\t","protected":false},"excerpt":{"rendered":"<p>Overzicht van alle\u00a0optredens van heden terug tot het begin in 1998. 202518 mei Dobbelt klingt besser samen met unCHORrect in Essen.23 maart deelname korenfestival Berghem. 202413 en 14 december Mix of Music geeft Kerstmis kleur.6 oktober Korenfestival in Ravenstein met Crescens, la Orf\u00e9on en de Sluiszangers.2 juni deelname Korenfestival Bemmel zingt.6 april Mix en Music [&hellip;]<\/p>\n","protected":false},"author":3011,"featured_media":0,"parent":0,"menu_order":0,"comment_status":"closed","ping_status":"closed","template":"","meta":{"footnotes":""},"class_list":["post-97","page","type-page","status-publish","hentry"],"_links":{"self":[{"href":"https:\/\/mixofmusic.nl\/index.php?rest_route=\/wp\/v2\/pages\/97","targetHints":{"allow":["GET"]}}],"collection":[{"href":"https:\/\/mixofmusic.nl\/index.php?rest_route=\/wp\/v2\/pages"}],"about":[{"href":"https:\/\/mixofmusic.nl\/index.php?rest_route=\/wp\/v2\/types\/page"}],"author":[{"embeddable":true,"href":"https:\/\/mixofmusic.nl\/index.php?rest_route=\/wp\/v2\/users\/3011"}],"replies":[{"embeddable":true,"href":"https:\/\/mixofmusic.nl\/index.php?rest_route=%2Fwp%2Fv2%2Fcomments&post=97"}],"version-history":[{"count":62,"href":"https:\/\/mixofmusic.nl\/index.php?rest_route=\/wp\/v2\/pages\/97\/revisions"}],"predecessor-version":[{"id":7436,"href":"https:\/\/mixofmusic.nl\/index.php?rest_route=\/wp\/v2\/pages\/97\/revisions\/7436"}],"wp:attachment":[{"href":"https:\/\/mixofmusic.nl\/index.php?rest_route=%2Fwp%2Fv2%2Fmedia&parent=97"}],"curies":[{"name":"wp","href":"https:\/\/api.w.org\/{rel}","templated":true}]}}